s of v?
3, 5, 3343
Let p(w) = -w**3 - 26*w**2 + 12*w + 98. Let m be p(-26). Let b = m + 397. List the prime factors of b.
3, 61
Let j(g) be the first derivative of -7*g**2/2 + 423*g + 47. What are the prime factors of j(0)?
3, 47
Let z be (4/(-4) + 4*-7)*-1. What are the prime factors of (z + 0 + 2)*(-27 - -34)?
7, 31
Suppose 3*h - 174 = 21. Let u(i) = -h + 20 - 83*i + 96*i. What are the prime factors of u(5)?
2, 5
Let v(m) = 5*m**2 + 20*m - 280. List the prime factors of v(28).
2, 3, 5, 7
Let x = 40 + -36. Suppose x*p - 2*f = 30, 2*p - 41 + 1 = -4*f. Let l(q) = 4*q**2 - 39*q - 5. List the prime factors of l(p).
5
Let b(w) = 2*w**2 + 17*w - 18. Let s be b(-9). Let n(d) = -d**2 - 16*d - 7. Let q be n(s). What are the prime factors of ((q/(-3))/(-4))/(1/21)?
2, 7
Let y(q) = 1658*q + 1496. What are the prime factors of y(9)?
2, 8209
Let a(n) = 15*n + 3. Let b(h) = h**3 + 11*h**2 - 14*h - 19. Let o be b(-12). Suppose -4*v + o*v - 5 = 0. What are the prime factors of a(v)?
2, 3, 13
Let f(z) = -229*z - 138. Let m be f(-5). Let x = m + -528. List the prime factors of x.
479
Suppose 17*j = 3*g + 13*j - 40645, -3*j = 5*g - 67674. What are the prime factors of g?
3, 4513
Let a(z) = z**3 - 10*z**2 - z - 64. Let y(j) = -3*j**3 + 21*j**2 + j + 128. Let t(n) = -5*a(n) - 2*y(n). List the prime factors of t(-7).
2, 23
Let x(z) = -z**3 - 8*z**2 + 19*z - 8. Let t be x(-10). Let j be (-19)/(76/168)*(-1)/t. Suppose j*v - 4*v - 306 = 0. List the prime factors of v.
2, 3
List the prime factors of 4526 + (-12 - -60)/(-12).
2, 7, 17, 19
Suppose 8*h = 18013 + 54723. List the prime factors of h.
2, 2273
What are the prime factors of (-2)/19 - 29046120/(-2014)?
2, 7211
Let a(t) = -2842*t**3 - 118*t**2 + 5*t + 12. List the prime factors of a(-3).
3, 11, 2293
Let a = -1 - 12. Let j = -230 - -232. List the prime factors of (17/26 + j/a)*314.
157
Suppose 5*b - 8*b = 471. Let f = 48 - b. Let m = f + -102. What are the prime factors of m?
103
Let j(u) = 8*u**2 - 5*u + 4. Let n be j(5). Let p = 483 - n. Suppose -2*y = -2*x - 148, -4*y + x = -p + 2. List the prime factors of y.
2, 19
Let o = 171 - 157. Let v(n) = -n**3 + 16*n**2 - 21*n - 31. What are the prime factors of v(o)?
67
Let g(a) = -a**3 + 3*a**2 - 4*a + 12. Let p be g(2). List the prime factors of (4/6)/((-8)/(-61056)*p).
2, 3, 53
Let w = 21 - 31. What are the prime factors of ((-2)/(-4))/((-3)/14220*w)?
3, 79
Let n be (-2 - (0 - 3 - -2)) + -1. Let v be ((-12)/(-15))/(-1)*(-5)/n. What are the prime factors of 1 + 1 + (-46)/v?
5
Suppose 2*y + 3*k = -3*y - 445, 3*y = -k - 267. Let o = 95 - y. What are the prime factors of o?
2, 23
Let g = 282 - 280. Suppose 4*n - 1714 = -g*v, n - 7*v - 429 = -8*v. What are the prime factors of n?
2, 107
Let r(z) = z**2 + 23*z + 106. Let a be r(-29). Let s = -164 + a. List the prime factors of s.
2, 29
What are the prime factors of 68/(-272)*(-6224)/1?
2, 389
List the prime factors of (-4)/(24/30) - 59364/(-12).
2, 7, 353
Let s be ((-80)/(-84))/((-8)/(-5172))*7. Let m = s + -3062. List the prime factors of m.
2, 3, 13
Let i be (6/27)/((-1)/(-9)). Let w(y) = y**3 - y**2 + y. Let j(g) = 14*g**3 - 10*g**2 + 9*g + 3. Let s(q) = j(q) - 6*w(q). List the prime factors of s(i).
3, 19
Let t be 6/(-4) + 4559/94. Let j be (3 + -1)/(2/(-28)). Let d = j + t. What are the prime factors of d?
19
Suppose -38*m + 3341367 - 956753 = 0. What are the prime factors of m?
62753
Let f = 63067 + -39265. What are the prime factors of f?
2, 3, 3967
Let y(z) = z**3 + 8*z**2 - 9*z + 14. Let g be y(8). Let r = -634 + g. Suppose 3*c - i = r, -430 = -8*c + 4*c - 5*i. List the prime factors of c.
2, 5, 11
Let p(s) = -s**2 - 5*s - 1. Let w = -62 - -58. Let y be p(w). What are the prime factors of (-4)/((-4)/145) + y?
2, 37
Let n = 4207 - -3714. List the prime factors of n.
89
What are the prime factors of ((-2)/(-7) - (-150)/210) + 4452?
61, 73
Suppose 4*w = -f + 4*f - 19, 5*f - 25 = 5*w. Let y be f + (-3)/(2 + (-946)/476). Let a = y - -437. List the prime factors of a.
2, 5
Suppose -2*l = -215 + 211. Suppose 5*j = 9*j + u - 2627, -1318 = -l*j + 4*u. What are the prime factors of j?
3, 73
Suppose -6*p + 35 = p. Suppose 5*z + 117 = -p*m - 473, 0 = -z - 5*m - 110. List the prime factors of 2 - z - (-5 + 2).
5
Let y(g) = -3*g + 168. Let a(x) = -x**3 + 12*x**2 - 13*x + 22. Let c be a(11). List the prime factors of y(c).
2, 3, 7
Suppose -5*u - 6 = -2*u, -u = -h - 15. Let t(m) = -2*m**2 - 34*m. Let a be t(h). Suppose a*z - 4*v - 1478 = -5*z, 313 = z + 5*v. List the prime factors of z.
2, 149
Let x(n) = n**3 - 6*n**2 + 7*n - 9. Let g be x(5). List the prime factors of (-8 - 5) + 11 + 1090*g.
2, 17
Suppose 7*c - 1418 = 46014. What are the prime factors of c?
2, 7, 11
Let i be ((-62)/8)/((-26)/1976). Let t = i - 191. What are the prime factors of t?
2, 199
Let c be (3 - (-33)/(-3))*9/(-6). Let w be (5 - 0)*c/15*2. Suppose 4*h - 740 - w = 0. List the prime factors of h.
11, 17
Suppose c = 5*l + 14772, 4*l + 44349 = 4*c - c. What are the prime factors of c?
3, 31, 53
Suppose 5*u + 168*p = 171*p + 107870, -2*u = 4*p - 43148. List the prime factors of u.
2, 7, 23, 67
Let f(t) = 5*t + 8*t**3 - 6*t + 2*t + 6 - 2*t**2 + 19*t**3. Let l be f(2). Suppose -435 = -j - l. List the prime factors of j.
3, 73
Let i(h) = 39*h - 90. Let a be i(7). Let r = a + -98. List the prime factors of r.
5, 17
Suppose 0 = -n + 5*i + 46, -3*n = 2*n - 5*i - 270. Suppose 0 = -4*r + 72 + n. List the prime factors of r.
2
Suppose 5*m = 5*m - 6*m. Suppose m = j - 5*p - 403, -j - 4*p - p + 433 = 0. What are the prime factors of j?
2, 11, 19
Let a be (-6)/1 + (-19040)/16. Let q = -836 - a. List the prime factors of q.
2, 3, 5
Let v be (3/((-27)/(-6)))/(2/12). Suppose 924 = z + 3*z + v*y, -5*z - y + 1139 = 0. What are the prime factors of z?
227
Let p(a) = a**3 + 7*a**2 - 10*a - 12. Let c be p(-8). Suppose 8*d + 96 = -c*d. What are the prime factors of (-2592)/(-40) + d/10?
2
Suppose 18*r + 868583 = 101*r - 201287. What are the prime factors of r?
2, 5, 1289
Suppose 15*m - 5749 = -154. List the prime factors of m.
373
Let g be (-1875488)/(-986) + (-4)/34. Suppose -3*l = -3*m - g, l - 2*m = 2*m + 640. What are the prime factors of l?
2, 79
Let u(i) be the second derivative of -i**5/20 + i**4/12 - i**3/6 + 431*i**2/2 + 106*i. What are the prime factors of u(0)?
431
Let b = 34112 - 12190. List the prime factors of b.
2, 97, 113
Suppose -5*y = -5*a - 2950, a - y + 2938 = -4*a. Let j = a - -1590. List the prime factors of j.
17, 59
Let o = -20 - -28. Let j be (218/o)/((-12)/(-48)). Suppose -j = -m - 4*u, -4*m - 2*u + 206 = -2*m. List the prime factors of m.
101
Let s(x) = 12*x**2 + 8*x - 3. Let i be s(-4). Suppose 2*w + 88 = c, 2*c - i - 10 = w. List the prime factors of c.
2, 41
Suppose 4*f + c = 36341, -51*c + 52*c - 45428 = -5*f. List the prime factors of f.
3, 13, 233
Let n(f) = -f**2 + 282*f + 9480. What are the prime factors of n(0)?
2, 3, 5, 79
Suppose -3*d = -2*z + 21, 10 + 0 = -5*z - 5*d. Let t(y) = -21*y + 184. Let f be t(11). Let g = z - f. What are the prime factors of g?
2, 5
Suppose 5 = i - 3*f, -4*i - 2*f = -2*i - 34. Suppose -h = 0, 11*z - 2*h + 627 = i*z. What are the prime factors of z?
11, 19
Suppose 2*o + 5*h = 25, -4*o = -0*o - 4*h - 36. Let d = o + 101. List the prime factors of d.
3, 37
Let f = -29721 + 49820. List the prime factors of f.
101, 199
Suppose 0 = -4*n - 2*s + 58024, -2*n + 8*s = 11*s - 29016. List the prime factors of n.
3, 5, 967
Suppose 315 - 1560 = 3*o. Let w = 593 + o. Suppose -6*k + 8*k = w. What are the prime factors of k?
89
List the prime factors of 1588840/1144 + 6/39.
3, 463
Let x(k) = 4*k**3 - 12*k**2 + 6*k - 5. Let u = -38 - -36. Let h(m) = 3*m**3 - 11*m**2 + 5*m - 4. Let a(w) = u*x(w) + 3*h(w). What are the prime factors of a(9)?
5
Let j be 27 - (-9)/(1 - -2). Suppose 34*l - 12 = j*l. Let b(k) = 28*k + 10. List the prime factors of b(l).
2, 47
What are the prime factors of (-13254)/(-21) + (-12)/(-14)?
2, 79
Let m(d) = 3*d - 4. Let o be m(-2). Let w be (1 - o)/(-6 - -5). Let l = w + 84. List the prime factors of l.
73
Let q = 9027 + 2127. What are the prime factors of q?
2, 3, 11, 13
Let q be 3/(2/(-8) - (-7)/(-20)). List the prime factors of q*(-99)/(-5)*-7.
3, 7, 11
Let z(u) = -u**2 - 11*u - 3. Let d be z(-7). Suppos